 of 80452?
2, 20113
List the prime factors of 2287952.
2, 151, 947
What are the prime factors of 119689?
119689
List the prime factors of 402562.
2, 201281
List the prime factors of 2919429.
3, 108127
List the prime factors of 18473.
7, 13, 29
List the prime factors of 1771522.
2, 19, 46619
List the prime factors of 511091.
7, 73013
List the prime factors of 39254080.
2, 5, 241, 509
What are the prime factors of 6128860?
2, 5, 29, 10567
List the prime factors of 2485163.
421, 5903
What are the prime factors of 365573?
13, 61, 461
What are the prime factors of 3129562?
2, 1564781
List the prime factors of 1284469.
17, 75557
What are the prime factors of 192085?
5, 41, 937
What are the prime factors of 316408?
2, 39551
What are the prime factors of 367400?
2, 5, 11, 167
List the prime factors of 91972.
2, 22993
List the prime factors of 1330479.
3, 49277
List the prime factors of 12173310.
2, 3, 5, 41, 3299
What are the prime factors of 43293?
3, 14431
List the prime factors of 2844907.
13, 218839
What are the prime factors of 879787?
823, 1069
What are the prime factors of 152470?
2, 5, 79, 193
What are the prime factors of 7944117?
3, 17, 53, 2939
What are the prime factors of 4216516?
2, 191, 5519
What are the prime factors of 1341518?
2, 313, 2143
List the prime factors of 211779.
3, 23531
What are the prime factors of 993962?
2, 53, 9377
List the prime factors of 86176.
2, 2693
What are the prime factors of 722067?
3, 233, 1033
List the prime factors of 16473658.
2, 23, 37, 9679
List the prime factors of 4852224.
2, 3, 13
What are the prime factors of 990556?
2, 7, 17, 2081
What are the prime factors of 280529?
53, 67, 79
What are the prime factors of 22768?
2, 1423
What are the prime factors of 20998118?
2, 1217, 8627
What are the prime factors of 1704094?
2, 7, 121721
List the prime factors of 2099185.
5, 11, 38167
What are the prime factors of 626555?
5, 125311
What are the prime factors of 366345?
3, 5, 7, 1163
What are the prime factors of 5063107?
7, 821, 881
List the prime factors of 12490699.
13, 17, 56519
List the prime factors of 822568.
2, 229, 449
List the prime factors of 216687.
3, 72229
List the prime factors of 163146.
2, 3, 27191
List the prime factors of 3535275.
3, 5, 47137
List the prime factors of 193981.
29, 6689
What are the prime factors of 9590660?
2, 5, 479533
What are the prime factors of 1765974?
2, 3, 7, 19, 2213
List the prime factors of 6233019.
3, 13, 71, 2251
What are the prime factors of 2366319?
3, 331, 2383
List the prime factors of 212705.
5, 19, 2239
What are the prime factors of 921577?
787, 1171
List the prime factors of 1226024.
2, 331, 463
List the prime factors of 2006254.
2, 109, 9203
What are the prime factors of 10410775?
5, 89, 4679
What are the prime factors of 2745534?
2, 3, 11, 17, 2447
List the prime factors of 1768118.
2, 11, 80369
List the prime factors of 70514.
2, 35257
What are the prime factors of 1338882?
2, 3, 37, 163
List the prime factors of 794915.
5, 11, 97, 149
What are the prime factors of 3595109?
7, 17, 30211
List the prime factors of 183945.
3, 5, 12263
What are the prime factors of 69059?
53, 1303
List the prime factors of 2930847.
3, 53, 18433
List the prime factors of 1653264.
2, 3, 43, 89
List the prime factors of 188522.
2, 94261
What are the prime factors of 99016?
2, 12377
What are the prime factors of 233124?
2, 3, 19427
List the prime factors of 8571.
3, 2857
List the prime factors of 327496.
2, 13, 47, 67
What are the prime factors of 95902?
2, 47951
What are the prime factors of 7540075?
5, 109, 2767
List the prime factors of 6678429.
3, 83, 26821
List the prime factors of 234963.
3, 26107
What are the prime factors of 594658?
2, 73, 4073
What are the prime factors of 15246912?
2, 3, 79411
What are the prime factors of 2089264?
2, 130579
What are the prime factors of 328406?
2, 13, 17, 743
List the prime factors of 8094773.
8094773
List the prime factors of 4493.
4493
List the prime factors of 18568632.
2, 3, 773693
What are the prime factors of 7530943?
7, 37, 29077
List the prime factors of 417552.
2, 3, 8699
What are the prime factors of 196820?
2, 5, 13, 757
What are the prime factors of 5940181?
13, 35149
What are the prime factors of 709246?
2, 53, 6691
List the prime factors of 1371193.
1371193
List the prime factors of 4671432.
2, 3, 89
List the prime factors of 344994.
2, 3, 13, 4423
List the prime factors of 399870.
2, 3, 5, 1481
What are the prime factors of 2380188?
2, 3, 198349
What are the prime factors of 14483997?
3, 11, 23, 6361
What are the prime factors of 47857?
47857
What are the prime factors of 237359?
97, 2447
What are the prime factors of 1154516?
2, 11, 19, 1381
What are the prime factors of 20334548?
2, 13, 391049
List the prime factors of 2816543.
17, 43, 3853
What are the prime factors of 220798?
2, 53, 2083
List the prime factors of 2872028.
2, 718007
List the prime factors of 1574052.
2, 3, 131171
List the prime factors of 476491.
23, 20717
What are the prime factors of 1520165?
5, 304033
List the prime factors of 388213.
7, 31, 1789
List the prime factors of 430206.
2, 3, 7, 10243
List the prime factors of 1056289.
13, 193, 421
List the prime factors of 13332753.
3, 7, 617
What are the prime factors of 383614?
2, 7, 11, 47, 53
List the prime factors of 1558214.
2, 7, 111301
What are the prime factors of 13403482?
2, 6701741
List the prime factors of 919255.
5, 113, 1627
What are the prime factors of 1488447?
3, 165383
What are the prime factors of 5191269?
3, 577, 2999
What are the prime factors of 23183?
97, 239
List the prime factors of 66723.
3, 23, 967
List the prime factors of 797595.
3, 5, 53173
List the prime factors of 6562343.
227, 28909
What are the prime factors of 29429?
29429
What are the prime factors of 312487?
7, 44641
What are the prime factors of 21212042?
2, 10606021
List the prime factors of 207207.
3, 7, 11, 13, 23
List the prime factors of 627817.
19, 173, 191
List the prime factors of 4482073.
31, 144583
What are the prime factors of 13124?
2, 17, 193
What are the prime factors of 156513?
3, 7, 29, 257
List the prime factors of 409877.
13, 41, 769
What are the prime factors of 68386?
2, 31, 1103
List the prime factors of 707700.
2, 3, 5, 7, 337
List the prime factors of 158011.
7, 22573
List the prime factors of 489938.
2, 199, 1231
What are the prime factors of 133434?
2, 3, 7, 353
What are the prime factors of 5846537?
5846537
List the prime factors of 4058206.
2, 17, 119359
List the prime factors of 1474182.
2, 3, 81899
What are the prime factors of 57919?
17, 3407
What are the prime factors of 22314555?
3, 5, 165293
List the prime factors of 25049241.
3, 7, 79, 719
List the prime factors of 150667.
11, 13697
List the prime factors of 596461.
596461
What are the prime factors of 8845439?
773, 11443
What are the prime factors of 5930454?
2, 3, 988409
List the prime factors of 277419.
3, 19, 31, 157
What are the prime factors of 9862941?
3, 11, 17, 17581
What are the prime factors of 18803111?
397, 47363
What are the prime factors of 236801?
43, 5507
List the prime factors of 27946.
2, 89, 157
What are the prime factors of 442520?
2, 5, 13, 23, 37
What are the prime factors of 123093?
3, 47, 97
What are the prime factors of 13354013?
13354013
List the prime factors of 4590813.
3, 83, 103, 179
List the prime factors of 267390.
2, 3, 5, 2971
What are the prime factors of 677838?
2, 3, 7, 16139
What are the prime factors of 5509?
7, 787
List the prime factors of 3602.
2, 1801
What are the prime factors of 529676?
2, 7, 18917
What are the prime factors of 22007?
59, 373
List the prime factors of 274146.
2, 3, 45691
List the prime factors of 239858.
2, 119929
List the prime factors of 22820.
2, 5, 7, 163
What are the prime factors of 50003?
31, 1613
List the prime factors of 14232976.
2, 19, 46819
List the prime factors of 4494297.
3, 41, 61, 599
List the prime factors of 628742.
2, 31, 10141
List the prime factors of 4804433.
43, 111731
What are the prime factors of 329028?
2, 3, 7, 3917
What are the prime factors of 217121?
217121
What are the prime factors of 175227?
3, 13, 4493
What are the prime factors of 9541797?
3, 3180599
List the prime factors of 7905971.
103, 76757
What are the prime factors of 72